 g be p(-1). Suppose -2*j + g = 2*o + 2*j, -o + 2*j = -556. Let x = -85 + o. Is x prime?
False
Suppose -5 = -q - 1. Suppose q*d - 5 = -f + 9, 0 = -5*f - d + 32. Is 2024/f + (-1)/3 a composite number?
False
Suppose 382 = r + 3*k, -2*r + 912 - 138 = 4*k. Is r prime?
True
Let c(z) = 853*z + 94. Is c(3) composite?
True
Let f(i) = 66*i - 7. Let o be -2*(35/(-10) + 1). Is f(o) prime?
False
Let h(u) = -u + 1. Let x be h(1). Suppose -8*a = 7*a - 60. Suppose x = a*z + 140 - 1144. Is z composite?
False
Suppose 3*d - 500 = 2656. Suppose -5*y = 202 - d. Suppose 0*h + y = 5*h. Is h a prime number?
False
Let a be 14330/9 - (-8)/(-36). Let q = -603 + a. Is q a composite number?
True
Let o = -388 - -655. Let g = o - 170. Is g a composite number?
False
Let m be (85/(-20) - -10) + (-3)/4. Let b = 834 - 586. Suppose -b = m*i - 9*i. Is i prime?
False
Suppose g = 2*z + 2*z + 5057, 0 = 4*g + 3*z - 20323. Is g prime?
True
Let w(z) = -2*z**3 - 4*z**2 - 36*z - 17. Is w(-19) a prime number?
True
Suppose -3*f - 602 = -2*b, -f + 1488 = b + 4*b. Is b composite?
True
Let o(j) = 225*j**2 + 22. Let h be o(4). Suppose u = -q + 567 + h, -u = -3*q + 12583. Is q prime?
False
Let j = 1577 - 634. Is j composite?
True
Let i = 32 + -48. Let h = -14 - i. Suppose 2*t - 536 = s, -t + 263 = -h*s + 4*s. Is t prime?
False
Suppose 0 = 5*u - x - 57594, 5*u - 26725 = -5*x + 30875. Is u a prime number?
True
Suppose p + 8500 = -3*p - 3*s, 2*p - 5*s = -4224. Let v = -1243 - p. Is v prime?
False
Let w = 2833 - 1539. Let j = 463 + w. Is j a prime number?
False
Let o(i) = 4*i - 1. Suppose 4 = -9*y + 5*y. Let j be o(y). Is (0 - -266) + j + 6 composite?
True
Let w(o) = -186*o**2 - 7*o + 11. Let h be w(-4). Let l = 6394 + h. Is l composite?
False
Suppose -1587*c = -1593*c + 55866. Is c prime?
True
Let q(w) = 32*w - 3. Let m be q(-9). Suppose -o + 2*l - 2 = 0, 2*o - 6*l = -l - 2. Is (0 + 14)/(o/m) composite?
True
Suppose -1458 = 3*o - 495. Let f = o - -572. Is f prime?
True
Let c(r) = 299*r**3 - r**2 + 2*r - 1. Suppose -g = 3*s + 8, -2*g - 4*s - 6 = 4. Is c(g) prime?
False
Suppose 1015 = -185*y + 190*y. Is y a composite number?
True
Suppose 0 = 2*g - 30. Let o be (-12)/g*(1 + -361). Suppose 0 = 4*p + 4*q - o, -4*p + 188 = -q - 85. Is p a composite number?
True
Let l(r) = 2*r**2 - 11*r - 12. Let m(i) = -i**3 + 4*i**2 - 2*i + 3. Let f be m(2). Suppose 4*a = 0, 2*j - f*a + 2*a = 22. Is l(j) composite?
False
Suppose 9 = 3*j - 3. Let c be (-2)/j*(-100)/10. Suppose -2*t - 484 = -5*t + c*k, -2*t + 308 = 4*k. Is t composite?
True
Suppose 0 = -2*v - 5*h - 0*h - 472, -v = -h + 222. Let d = -159 - v. Is d a composite number?
False
Let y(c) = 2*c**2 - 5*c**2 + 3*c**2 - 3 - c**2 - 6*c. Let b be y(-5). Suppose b*p - 42 - 64 = 0. Is p prime?
True
Let y = -311 + 194. Let l = y - -320. Is l a prime number?
False
Suppose 4*q - 25 - 7 = 0. Is q/36 - ((-9039)/27 + -2) prime?
True
Let p(f) = 23*f**3 - f**2. Let i(c) be the third derivative of -c**5/60 - c**4/12 + 5*c**2. Let y be i(-1). Is p(y) a composite number?
True
Suppose 0 = -6*h + 3966 + 6918. Is h a composite number?
True
Let p(i) = -9*i**3 - 7*i**2 - 26*i - 15. Let r(y) = -3*y**3 - 2*y**2 - 9*y - 5. Let f(d) = 6*p(d) - 17*r(d). Is f(-5) a prime number?
False
Suppose -5*r + 3*j = -11396, 6*r + 2*j = 2*r + 9130. Is r prime?
True
Suppose -13*j = -317 - 1217. Is j composite?
True
Suppose -19 = h + 5*t, h = 4*h + 5*t + 17. Is (386 + (-3)/(-1))/h a prime number?
True
Let t be ((-9)/(-6))/((-9)/(-66)). Let a = -9 + t. Suppose a*z - q - 287 = -4*q, 5*z + q = 724. Is z a composite number?
True
Let m be 1/(-3*(-5)/(-45)). Let d be (-924)/m*(-18)/(-12). Is d/15 - (-1)/5 a composite number?
False
Is 1*(-2 + (-3)/3) - -3254 a prime number?
True
Let t = 22439 - -6662. Is t prime?
True
Let c = 14 - 9. Suppose 5*t + 103 = -2*q, -c*t = 3*q - 34 + 136. Let n = 80 + t. Is n composite?
False
Suppose -2*v + 15998 - 1999 = 3*h, 14019 = 3*h - 3*v. Is 8/36 + h/9 a prime number?
False
Let h be (-709)/(3/12*-1). Suppose -21*a = -17*a - h. Is a a prime number?
True
Suppose v = 4*h - 1495, -153 = -3*h - 4*v + 954. Is h a prime number?
True
Suppose -15 = -3*w - 9. Suppose -w*u - 945 = -3*z, -3*z + 2*u = -3*u - 936. Is z a composite number?
False
Suppose h = -h + 30. Let r = h + -12. Suppose 0 = -r*p + 3, a + 2*a + 5*p = 122. Is a a prime number?
False
Let r = 38999 - 27128. Suppose 2*v + 7*v - r = 0. Is v a composite number?
False
Let s(q) = q**2 + 10*q - 6. Let h be s(-14). Suppose 72 + h = a. Is a composite?
True
Suppose 0*n - 2*n + 4*y = -60, 3*y - 81 = -2*n. Suppose 0 = 3*j - 126 - n. Suppose -102 - j = -4*c. Is c composite?
True
Let d = 9530 - 3541. Is d prime?
False
Let w(k) = 79*k**3 - k**2 + k + 2. Let b be w(2). Suppose 5*i = -0*i, 0 = 4*q - i - b. Suppose 397 = 5*r - q. Is r composite?
True
Let y = -33 + 38. Suppose y*l + 1332 - 8737 = 0. Is l prime?
True
Suppose -2*b + 11*b - 2079 = 0. Suppose 5*x = -4*a + 915, -5*a + b - 597 = -2*x. Is x a prime number?
False
Suppose 245 = q - 2276. Is q a composite number?
False
Suppose -2*q = -4*o - 4, -2*o - 1 = -3*q + 5. Suppose h = 3*h + 3*d - 2198, o = -4*d. Is h prime?
False
Suppose -5*v = -4*x + 7177, 3*x - 5382 = 4*v - v. Is x/9 + (-12)/54 a prime number?
True
Let v(f) = -2*f**3 - 27*f**2 - 19*f + 49. Is v(-13) composite?
False
Let p(r) = -r**3 + 4*r**2 - 39*r + 17. Is p(-29) a composite number?
False
Is (-1 - 3) + (16939 - 52) a prime number?
True
Suppose -2*p + 4*q = -131162, -11*p - 327900 = -16*p + 5*q. Is p a composite number?
False
Let x(d) = 833*d**2 - 6*d - 7. Is x(-6) a prime number?
False
Suppose 0*l - 1989 = -3*l. Suppose -p - 10 = -5*i - 3*p, 4*i + 4*p - 20 = 0. Suppose i = -f + 2*f + 5*j - 221, -3*f + j = -l. Is f prime?
False
Suppose 0 = 2*b + 27 - 271. Let h = b - 76. Suppose -4*t + h = -286. Is t prime?
True
Let z be (0 - 4)*1589/28. Let t = z - -544. Is t prime?
True
Let s = 127 + -123. Suppose 6*l - l = -s*r + 5779, -5*r + 5*l = -7280. Is r prime?
True
Suppose 29*w = 25*w + 26836. Is w composite?
False
Let c(h) = h**3 - 12*h**2 + 17*h - 3. Let o be c(12). Is (o - -5) + (-1 - 2) prime?
False
Suppose -4*h = 3*p, -2*p = -3*p + h. Suppose p = 11*y - 9*y - 1366. Is y a prime number?
True
Suppose 5*b = 4 - 9. Let u = b + 112. Is u a composite number?
True
Suppose -3*w - 19 + 62 = -4*x, 5*w = -4*x + 125. Suppose -20*m + w*m = 59. Is m a prime number?
True
Suppose -21*u - 2*j = -18*u - 102497, 170835 = 5*u + 2*j. Is u composite?
True
Let r(m) = -14 - 2*m + 4*m + 0*m - 4*m. Suppose -5*b - 5 = -i, -2*i - 17 = 2*b + 9. Is r(i) composite?
True
Suppose 0 = 4*j - t - 2648 - 3524, 3*j - 5*t = 4629. Is j composite?
False
Suppose -24*f - 29*f + 1266117 = 0. Is f a prime number?
False
Let u(m) = -53*m + 4. Let o(a) be the third derivative of -a**5/60 + a**4/6 - a**3 - 11*a**2. Let w be o(3). Is u(w) composite?
False
Let p(j) = j**2 - 2*j + 1. Let i be p(1). Suppose 2*z - 4*a - 752 = -i*a, 2*a + 1510 = 4*z. Let q = z + -245. Is q a prime number?
False
Let a be (-3)/(-2 + -1)*-269. Let v = a + 479. Suppose -4*c + 22 = -v. Is c a prime number?
False
Is (-69260)/(-30)*2/4*3 a prime number?
True
Let t(g) = 900*g**3 - g + 1. Let x be t(1). Suppose -4*l + x = l. Let w = l - 115. Is w composite?
True
Let h = 1886 + -169. Is h a composite number?
True
Let i(y) = 6*y**2 - 12*y + 1. Suppose 5*p + 34 = 9. Is i(p) composite?
False
Let t(v) be the second derivative of 5*v + 0 - 3/2*v**2 - 7/3*v**3. Is t(-13) a prime number?
True
Let o = 1785 - 1222. Is o a composite number?
False
Let y be 2 - (2 - 6) - 3. Suppose 5*c + 848 = -4*h + 11187, 2*h = y*c - 6221. Suppose -4*z + 2073 = 5*q, -4*q - 3*z = q - c. Is q a prime number?
False
Suppose -4*k + 2*a + 3*a + 37 = 0, 0 = 2*a + 10. Let z be (-107)/(-2) - k/(-6). Let w = z + -15. Is w composite?
True
Let u = -1089 + 3142. Is u a prime number?
True
Suppose -5*u - 74989 = -2*f, 6*f = 9*f - 3*u - 112470. Is f a composite number?
True
Let u be (-56)/(-9) + -6 + 27104/18. Suppose 49*o - u = 43*o. Is o a composite number?
False
Suppose 3*p + 144 = -6*p. Let x(o) = 5*o**2 - 4*o + 17. Is x(p) prime?
True
Let q(d) = -d**3 + 10*d**2 - 3*d - 7. Is q(6) prime?
False
Let o(h) = h**3 + 2*h - 3. Let m be o(0). Let z be (-3 - m) + -3 + 837. Suppose 0 = 3*i + 3*l - z, i - 5*l - 64 = 214. Is i a prime number?
False
Supp